the greatest common factor of 3652 and 396.
44
What is the highest common divisor of 30 and 69?
3
Calculate the highest common divisor of 2275 and 91.
91
What is the greatest common divisor of 301 and 4945?
43
What is the highest common factor of 490 and 230?
10
What is the highest common factor of 156 and 2145?
39
What is the greatest common factor of 1719 and 9?
9
What is the greatest common factor of 384 and 3904?
64
Calculate the greatest common factor of 114 and 8284.
38
What is the greatest common divisor of 836 and 38?
38
What is the highest common factor of 7854 and 510?
102
Calculate the highest common factor of 30 and 12.
6
Calculate the greatest common divisor of 34 and 850.
34
What is the greatest common divisor of 536 and 67?
67
Calculate the highest common divisor of 25455 and 10.
5
Calculate the greatest common divisor of 828 and 15111.
207
What is the greatest common factor of 2758 and 28?
14
Calculate the greatest common factor of 4 and 8.
4
What is the highest common divisor of 88 and 44?
44
What is the highest common factor of 2668 and 58?
58
What is the greatest common factor of 189 and 1869?
21
Calculate the greatest common factor of 6100 and 300.
100
Calculate the highest common divisor of 3883 and 11.
11
Calculate the greatest common factor of 3 and 432.
3
Calculate the greatest common divisor of 1 and 73.
1
What is the greatest common factor of 3 and 75?
3
What is the highest common divisor of 2225 and 100?
25
What is the highest common factor of 203 and 45269?
203
What is the greatest common factor of 34 and 187?
17
Calculate the highest common factor of 60 and 285.
15
What is the highest common divisor of 672 and 266?
14
Calculate the greatest common divisor of 666 and 306.
18
What is the highest common factor of 3550 and 600?
50
What is the highest common divisor of 4 and 134?
2
Calculate the greatest common divisor of 2035 and 37.
37
What is the greatest common factor of 681 and 9?
3
What is the greatest common factor of 169 and 65?
13
What is the highest common factor of 2332 and 44?
44
Calculate the greatest common divisor of 24024 and 39.
39
Calculate the greatest common factor of 320 and 520.
40
Calculate the greatest common divisor of 104 and 364.
52
What is the highest common factor of 115 and 46?
23
Calculate the greatest common factor of 54 and 972.
54
Calculate the greatest common factor of 220 and 1870.
110
What is the greatest common factor of 7144 and 47?
47
What is the greatest common factor of 234 and 104?
26
What is the greatest common divisor of 4374 and 54?
54
Calculate the greatest common divisor of 36 and 9126.
18
Calculate the greatest common divisor of 2 and 346.
2
Calculate the greatest common divisor of 448 and 152.
8
What is the greatest common factor of 10 and 45?
5
Calculate the highest common divisor of 1544 and 64.
8
Calculate the highest common factor of 1326 and 624.
78
What is the greatest common divisor of 18 and 261?
9
Calculate the highest common factor of 450 and 1425.
75
What is the greatest common divisor of 790 and 30?
10
What is the highest common factor of 415 and 83?
83
What is the greatest common divisor of 1185 and 30?
15
Calculate the greatest common factor of 84 and 63.
21
Calculate the greatest common factor of 288 and 1632.
96
What is the greatest common factor of 5 and 65?
5
Calculate the greatest common factor of 736 and 384.
32
Calculate the highest common divisor of 3009 and 68.
17
Calculate the highest common divisor of 3840 and 30.
30
What is the greatest common divisor of 42 and 77?
7
What is the greatest common factor of 205 and 2091?
41
Calculate the highest common factor of 234 and 8320.
26
What is the greatest common factor of 3948 and 84?
84
Calculate the highest common factor of 3031 and 7.
7
Calculate the greatest common divisor of 1178 and 62.
62
What is the greatest common divisor of 214 and 2889?
107
Calculate the greatest common divisor of 900 and 70.
10
Calculate the greatest common factor of 119 and 35.
7
What is the highest common factor of 133 and 19?
19
What is the highest common factor of 180 and 108?
36
Calculate the highest common factor of 29 and 1.
1
Calculate the highest common divisor of 113 and 7119.
113
What is the highest common factor of 64 and 8?
8
What is the greatest common factor of 2277 and 1656?
207
Calculate the greatest common factor of 5 and 179.
1
Calculate the greatest common divisor of 1130 and 20.
10
Calculate the greatest common factor of 12 and 27.
3
Calculate the greatest common divisor of 29 and 23.
1
What is the greatest common factor of 1856 and 290?
58
Calculate the greatest common divisor of 462 and 42.
42
What is the highest common divisor of 507 and 3393?
39
What is the highest common divisor of 686 and 7?
7
Calculate the greatest common factor of 21 and 49.
7
Calculate the greatest common factor of 68 and 102.
34
Calculate the greatest common divisor of 221 and 13.
13
What is the greatest common divisor of 53 and 22313?
53
Calculate the greatest common factor of 12 and 27.
3
What is the greatest common factor of 7110 and 1027?
79
Calculate the greatest common divisor of 6 and 19.
1
Calculate the greatest common divisor of 117 and 36.
9
What is the greatest common factor of 192 and 1512?
24
Calculate the highest common factor of 429 and 11.
11
Calculate the highest common factor of 148 and 777.
37
Calculate the greatest common factor of 86 and 19694.
86
Calculate the highest common factor of 65 and 26.
13
Calculate the greatest common factor of 10778 and 68.
34
Calculate the greatest common divisor of 9856 and 220.
44
Calculate the highest common divisor of 174 and 754.
58
Calculate the highest common factor of 13 and 52.
13
Calculate the greatest common divisor of 975 and 39.
39
Calculate the greatest common factor of 74 and 259.
37
What is the highest common factor of 556 and 4031?
139
Calculate the greatest common divisor of 10278 and 18.
18
What is the highest common divisor of 123 and 574?
41
Calculate the greatest common divisor of 40 and 120.
40
What is the highest common factor of 774 and 18?
18
Calculate the highest common factor of 15 and 143265.
15
What is the highest common divisor of 36 and 114336?
36
What is the highest common factor of 12564 and 9?
9
What is the greatest common factor of 697 and 425?
17
Calculate the highest common divisor of 2072 and 4403.
259
What is the greatest common factor of 40 and 24?
8
What is the greatest common factor of 36 and 684?
36
Calculate the highest common factor of 2665 and 65.
65
Calculate the greatest common factor of 1937 and 26.
13
What is the highest common factor of 27 and 99?
9
Calculate the highest common divisor of 28 and 3948.
28
What is the highest common divisor of 11030 and 5?
5
Calculate the highest common factor of 20 and 1390.
10
Calculate the highest common divisor of 3484 and 156.
52
What is the greatest common factor of 65 and 805?
5
What is the highest common factor of 40 and 110?
10
What is the greatest common divisor of 15 and 6075?
15
What is the greatest common factor of 2981 and 11?
11
What is the highest common divisor of 3944 and 204?
68
Calculate the highest common factor of 658 and 376.
94
Calculate the greatest common divisor of 330 and 11.
11
Calculate the greatest common factor of 7630 and 872.
218
Calculate the greatest common factor of 220 and 11.
11
What is the highest common factor of 2372 and 36?
4
Calculate the greatest common factor of 56 and 40.
8
What is the highest common factor of 2780 and 20?
20
Calculate the greatest common divisor of 8 and 10.
2
What is the greatest common factor of 248 and 93?
31
Calculate the greatest common factor of 2 and 46.
2
What is the highest common factor of 44 and 3476?
44
Calculate the greatest common divisor of 30 and 66.
6
Calculate the greatest common divisor of 2688 and 21.
21
What is the greatest common divisor of 219 and 3?
3
Calculate the highest common factor of 19 and 6441.
19
What is the highest common factor of 28 and 6?
2
Calculate the highest common divisor of 1325 and 53.
53
What is the greatest common factor of 3 and 75?
3
What is the greatest common divisor of 5 and 75?
5
Calculate the highest common divisor of 1512 and 364.
28
What is the greatest common factor of 391